 130.
2, 5, 13
What are the prime factors of 2683?
2683
What are the prime factors of 1249?
1249
List the prime factors of 9727.
71, 137
What are the prime factors of 24169?
24169
List the prime factors of 17553.
3, 5851
What are the prime factors of 2140?
2, 5, 107
What are the prime factors of 1229?
1229
What are the prime factors of 4303?
13, 331
What are the prime factors of 1612?
2, 13, 31
List the prime factors of 4608.
2, 3
What are the prime factors of 66948?
2, 3, 7, 797
List the prime factors of 144.
2, 3
What are the prime factors of 673?
673
List the prime factors of 2786.
2, 7, 199
List the prime factors of 316.
2, 79
List the prime factors of 881.
881
What are the prime factors of 5634?
2, 3, 313
List the prime factors of 902.
2, 11, 41
List the prime factors of 67659.
3, 19, 1187
List the prime factors of 2737.
7, 17, 23
What are the prime factors of 587?
587
List the prime factors of 1609.
1609
What are the prime factors of 13657?
7, 1951
List the prime factors of 40369.
7, 73, 79
What are the prime factors of 2681?
7, 383
List the prime factors of 52775.
5, 2111
List the prime factors of 346.
2, 173
List the prime factors of 853.
853
What are the prime factors of 6749?
17, 397
List the prime factors of 2785.
5, 557
List the prime factors of 62585.
5, 12517
What are the prime factors of 1019?
1019
What are the prime factors of 93271?
19, 4909
What are the prime factors of 3871?
7, 79
What are the prime factors of 65425?
5, 2617
List the prime factors of 2383.
2383
List the prime factors of 118218.
2, 3, 17, 19, 61
What are the prime factors of 21904?
2, 37
What are the prime factors of 2589?
3, 863
List the prime factors of 116820.
2, 3, 5, 11, 59
What are the prime factors of 442?
2, 13, 17
What are the prime factors of 89624?
2, 17, 659
List the prime factors of 3328.
2, 13
What are the prime factors of 10494?
2, 3, 11, 53
What are the prime factors of 1317?
3, 439
List the prime factors of 4412.
2, 1103
List the prime factors of 7438.
2, 3719
List the prime factors of 79781.
13, 17, 19
What are the prime factors of 2009?
7, 41
List the prime factors of 859.
859
List the prime factors of 3224.
2, 13, 31
What are the prime factors of 23419?
11, 2129
What are the prime factors of 267?
3, 89
What are the prime factors of 96910?
2, 5, 11, 881
What are the prime factors of 11471?
11471
What are the prime factors of 730?
2, 5, 73
List the prime factors of 3757.
13, 17
List the prime factors of 27890.
2, 5, 2789
What are the prime factors of 2668?
2, 23, 29
List the prime factors of 68233.
11, 6203
List the prime factors of 5338.
2, 17, 157
List the prime factors of 3383.
17, 199
List the prime factors of 5462.
2, 2731
List the prime factors of 9590.
2, 5, 7, 137
What are the prime factors of 43068?
2, 3, 37, 97
List the prime factors of 6689.
6689
List the prime factors of 2185.
5, 19, 23
List the prime factors of 211.
211
What are the prime factors of 4029?
3, 17, 79
List the prime factors of 9831.
3, 29, 113
List the prime factors of 899.
29, 31
List the prime factors of 3156.
2, 3, 263
What are the prime factors of 1704?
2, 3, 71
List the prime factors of 9228.
2, 3, 769
What are the prime factors of 12966?
2, 3, 2161
What are the prime factors of 39709?
39709
List the prime factors of 3573.
3, 397
List the prime factors of 187.
11, 17
What are the prime factors of 3328?
2, 13
What are the prime factors of 3718?
2, 11, 13
List the prime factors of 11441.
17, 673
List the prime factors of 101867.
23, 43, 103
List the prime factors of 26210.
2, 5, 2621
What are the prime factors of 2343?
3, 11, 71
What are the prime factors of 1286?
2, 643
What are the prime factors of 1409?
1409
What are the prime factors of 7271?
11, 661
List the prime factors of 980.
2, 5, 7
What are the prime factors of 28663?
28663
List the prime factors of 1725.
3, 5, 23
What are the prime factors of 2950?
2, 5, 59
What are the prime factors of 3815?
5, 7, 109
What are the prime factors of 873?
3, 97
What are the prime factors of 21927?
3, 7309
List the prime factors of 93418.
2, 13, 3593
What are the prime factors of 10484?
2, 2621
What are the prime factors of 546?
2, 3, 7, 13
List the prime factors of 142092.
2, 3, 3947
List the prime factors of 2015.
5, 13, 31
List the prime factors of 14422.
2, 7211
What are the prime factors of 1525?
5, 61
What are the prime factors of 484?
2, 11
List the prime factors of 4622.
2, 2311
List the prime factors of 8787.
3, 29, 101
What are the prime factors of 6113?
6113
What are the prime factors of 784?
2, 7
List the prime factors of 105312.
2, 3, 1097
What are the prime factors of 1491?
3, 7, 71
What are the prime factors of 7768?
2, 971
List the prime factors of 7953.
3, 11, 241
List the prime factors of 49065.
3, 5, 3271
What are the prime factors of 19964?
2, 7, 23, 31
List the prime factors of 2512.
2, 157
List the prime factors of 9123.
3, 3041
List the prime factors of 6170.
2, 5, 617
List the prime factors of 23628.
2, 3, 11, 179
List the prime factors of 2418.
2, 3, 13, 31
What are the prime factors of 22055?
5, 11, 401
What are the prime factors of 9046?
2, 4523
What are the prime factors of 3364?
2, 29
List the prime factors of 2160.
2, 3, 5
List the prime factors of 1123.
1123
What are the prime factors of 622?
2, 311
List the prime factors of 4491.
3, 499
What are the prime factors of 13707?
3, 1523
What are the prime factors of 3027?
3, 1009
What are the prime factors of 889?
7, 127
List the prime factors of 40351.
40351
List the prime factors of 63525.
3, 5, 7, 11
What are the prime factors of 6224?
2, 389
What are the prime factors of 4358?
2, 2179
List the prime factors of 74904.
2, 3, 3121
List the prime factors of 227.
227
List the prime factors of 2431.
11, 13, 17
List the prime factors of 5278.
2, 7, 13, 29
What are the prime factors of 537?
3, 179
What are the prime factors of 1692?
2, 3, 47
What are the prime factors of 7338?
2, 3, 1223
List the prime factors of 77142.
2, 3, 13, 23, 43
What are the prime factors of 50?
2, 5
List the prime factors of 6157.
47, 131
What are the prime factors of 15574?
2, 13, 599
What are the prime factors of 279?
3, 31
List the prime factors of 64946.
2, 7, 4639
What are the prime factors of 1517?
37, 41
What are the prime factors of 50460?
2, 3, 5, 29
List the prime factors of 7313.
71, 103
What are the prime factors of 1170?
2, 3, 5, 13
List the prime factors of 12884.
2, 3221
List the prime factors of 20305.
5, 31, 131
List the prime factors of 31481.
31481
List the prime factors of 1747.
1747
List the prime factors of 585.
3, 5, 13
List the prime factors of 59596.
2, 47, 317
What are the prime factors of 4370?
2, 5, 19, 23
List the prime factors of 30313.
30313
What are the prime factors of 6632?
2, 829
What are the prime factors of 116855?
5, 23371
List the prime factors of 21444.
2, 3, 1787
List the prime factors of 468.
2, 3, 13
List the prime factors of 3207.
3, 1069
List the prime factors of 286.
2, 11, 13
What are the prime factors of 481?
13, 37
What are the prime factors of 27794?
2, 13, 1069
List the prime factors of 467.
467
List the prime factors of 349.
349
What are the prime factors of 5755?
5, 1151
What are the prime factors of 49155?
3, 5, 29, 113
What are the prime factors of 948?
2, 3, 79
What are the prime factors of 13831?
13831
What are the prime factors of 41462?
2, 20731
List the prime factors of 4441.
4441
List the prime factors of 3137.
3137
What are the prime factors of 12362?
2, 7, 883
List the prime factors of 18836.
2, 17, 277
List the prime factors of 13495.
5, 2699
What are the prime factors of 1333?
31, 43
What are the prime factors of 3430?
2, 5, 7
List the prime factors of 2170.
2, 5, 7, 31
List the prime factors of 2741.
2741
List the prime factors of 9343.
9343
List the prime factors of 25023.
3, 19, 439
List the prime factors of 987.
3, 7, 47
What are the prime factors of 14922?
2, 3, 829
What are the prime factors of 2244?
2, 3, 11, 17
What are the prime factors of 12962?
2, 6481
What are the prime factors of 2102?
2, 1051
What are the prime factors of 23277?
3, 7759
List the prime factors of 6003.
3, 23, 29
What are the prime factors of 68?
2, 17
What are the prime factors of 20534?
2, 10267
List the prime factors of 61